d by k.
10
What is the remainder when 228 is divided by (-3)/(27/174)*3*-1?
54
Let z(s) = s**3 + 3*s**2 - 2*s. Suppose -110 = -j - 4*j. Calculate the remainder when j is divided by z(-3).
4
Let k(q) = -16*q**3 + q**2 + q. Let m = -7 - -6. Suppose -3*y = 5*z - 166, 3*y - 89 = y + z. Calculate the remainder when y is divided by k(m).
15
Suppose -3*i + 2*i = -3*a - 7, 4*i - 79 = -5*a. Let u = 10 - 5. Suppose 0 = l - 51 + u. Calculate the remainder when l is divided by i.
14
Let j(i) = 4*i**2 + i. Let o be 3 - (-1 - 1*-3). What is the remainder when 9 is divided by j(o)?
4
Let y(l) = l + 43. Let q(h) = -h**2 - 7*h + 2. Let d be q(-7). Let m be (-3 - d*-1)*0. What is the remainder when y(m) is divided by 15?
13
Let v = 79 + -29. Calculate the remainder when v is divided by 9.
5
Let p(h) = -6 + 1 + 2*h**2 - 3*h**2 + 8*h + 4*h. Let o = -6 - -11. What is the remainder when p(o) is divided by 16?
14
Suppose 5*c = 8*c - 93. What is the remainder when c is divided by 8?
7
Suppose 3*k = 11 + 1. Let c = 9 + -3. What is the remainder when c is divided by k?
2
Suppose -2*d + 0*d = -84. Suppose 5*s + 7 = d. Calculate the remainder when 23 is divided by s.
2
Let f(r) = -r**2 - 13*r + 3. What is the remainder when 98 is divided by f(-11)?
23
Let g be (-34 - -4)/((-1)/(-1)). Calculate the remainder when 39 is divided by (28/5)/((-12)/g).
11
Let o be (-2 + -1)/(-3)*7. Suppose -4*c + 6*c - 10 = 0. Calculate the remainder when 3/(-2 - o)*-21 is divided by c.
2
Let f be (1 - (-1 + 0))/(-1). Let j = f - -4. Suppose i - o - 10 = 0, -i + 3*i + j*o - 28 = 0. What is the remainder when 23 is divided by i?
11
Let w(l) = -l**3 + 6*l**2 + 6*l + 11. What is the remainder when w(6) is divided by 4/10 - (-118)/5?
23
Suppose 0 = -s + 5*s. Suppose 6 = -3*w, s*t + 18 = 2*t + 4*w. Calculate the remainder when 23 is divided by t.
10
Calculate the remainder when 41 is divided by (-3)/(-12) + (-108)/(-16).
6
Let j = -91 + 102. What is the remainder when 32 is divided by j?
10
Let l = 24 - 15. What is the remainder when 43 is divided by l?
7
Let m = 110 - 56. What is the remainder when m is divided by 15?
9
Let r = -2 + 4. Suppose -16 = -r*n + n. Suppose -14 - 22 = -4*x. What is the remainder when n is divided by x?
7
Let j(v) = -3*v. Let d(s) = -5*s + 1. Let r(k) = -4*d(k) + 7*j(k). Let f be r(-3). Let m = f + 3. What is the remainder when 4 is divided by m?
0
Let z be (15 + -11)*(-2 - -1). Calculate the remainder when z - (-1 + 3 + -23) is divided by 6.
5
Suppose 132*w + 40 = 137*w. Let v be 2*1 - (-1 - 0). Calculate the remainder when w is divided by v/4*(2 + 2).
2
Let x(q) = q**2 - 11*q - 3. Calculate the remainder when 85 is divided by x(13).
16
Suppose -5*g - 2*h - h + 108 = 0, -h = -4*g + 100. What is the remainder when 45 is divided by g?
21
Let x(q) = q**3 + 3*q**2 - q. Let z be x(-3). Let f(a) = 24 + 5*a**3 - 3*a**3 + a**2 - 3*a**z - a. Calculate the remainder when f(0) is divided by 13.
11
Let q be (6 + -1)*4/10. Suppose 2*f + 16 = -4*w + 40, -3*w = -q*f + 31. What is the remainder when 26 is divided by f?
12
Suppose -4*a = -8*v + 7*v + 6, a + 12 = v. What is the remainder when 53 is divided by v?
11
Let o = 49 - 13. Suppose -5*d + 80 = -5*a, -5*d + 2*a = 3*a - 98. Calculate the remainder when o is divided by d.
17
Let s(d) = -10*d - 24. Let v be s(-10). Suppose 11 = 3*b - 7. Suppose 2*c + v = b*c. Calculate the remainder when 36 is divided by c.
17
Let j = 79 - 36. Let z = j - 29. Suppose 0 = -2*c + 5*c - 81. What is the remainder when c is divided by z?
13
Let r(v) = -v - v**2 - 2*v**2 + 5*v**2 - 2. Calculate the remainder when r(3) is divided by 7.
6
Suppose -4*j = j - 50. What is the remainder when 39 is divided by j?
9
Suppose 0 = -2*u + 5*o, -2*u + 5*o - 35 = -7*u. Suppose 3*n = u + 4. Let y(j) = -j**2 + 5*j + 3. What is the remainder when y(n) is divided by 5?
4
Let d = 10 - 3. Let u = 7 + d. Calculate the remainder when 53 is divided by u.
11
Let d(q) = -q - 2 + 0 + 12. What is the remainder when 2 is divided by d(8)?
0
Suppose h + 3*r - 41 = 0, 5*h = 4*h - 2*r + 39. Calculate the remainder when h is divided by 19.
16
Suppose 5*r + 4*o - 27 = -0, -4 = -2*r - 5*o. What is the remainder when 26 is divided by r?
5
Let t(v) = v**2 - 11*v + 33. What is the remainder when t(13) is divided by 10?
9
Let m(h) = h**2 - 14*h + 23. Let i be m(12). Let a(l) = -l + 10. Let j be a(7). Calculate the remainder when 6/j - 61/i is divided by 16.
15
Suppose 42 = 2*x + x - 3*p, 2*x - 33 = p. Suppose 6*a = 3*a + 30. Calculate the remainder when x is divided by a.
9
Suppose f - 7 = 2*i + 2, f - 5*i = 3. Calculate the remainder when 63 is divided by f.
11
Let h be ((-81)/(-6))/((-3)/(-4)). Suppose 2*d = h + 36. What is the remainder when 78 is divided by d?
24
Let w = 2 + -1. Let p = -153 + 156. What is the remainder when p is divided by w?
0
Let v = 108 - 89. Calculate the remainder when 36 is divided by v.
17
Let j = -6 - -19. What is the remainder when j is divided by 10?
3
Let r(s) = s**3 + 12*s**2 - 14*s + 3. What is the remainder when 44 is divided by r(-13)?
12
Let o(c) = -2*c + 64. What is the remainder when o(-12) is divided by 30?
28
Suppose -6*x + 37 - 19 = 0. Suppose 2*i = 6*i - 12. Let p = i + 4. Calculate the remainder when p is divided by x.
1
Suppose -2*b = 5*g - 56, -b + 9 = 2*b. Calculate the remainder when 27 is divided by g.
7
Suppose -16 = 3*z - 4. Let p be ((-2)/(-5))/(z/20). Let n = 34 + p. What is the remainder when n is divided by 17?
15
Let f = -138 + 155. Calculate the remainder when f is divided by 2/(((-4)/(-5))/2).
2
Suppose 0*f + 4*f - 2*r = 50, f + 2*r = 20. What is the remainder when 53 is divided by f?
11
Suppose -20 = -2*m + 20. Let f be (-94)/8 + (-5)/20. Calculate the remainder when 78/f*12/(-2) is divided by m.
19
Let n = -7 - -12. Suppose -n*t + 186 = 66. Let h = t + -8. Calculate the remainder when h is divided by 6.
4
Suppose 5*b - q = 95, -b + 3*b = -4*q + 60. What is the remainder when 36 is divided by b?
16
Calculate the remainder when 47 is divided by (18*12/9)/(3/2).
15
Suppose 0 = -2*c + f + 21, -6*f + 5*f + 1 = 0. Calculate the remainder when c is divided by 7.
4
Let b = 7 + -13. Suppose -51 + 12 = -3*o. Calculate the remainder when (-8)/(-12)*(-333)/b is divided by o.
11
Suppose -j - y = -15, -5*j - 2*y + 90 = -0*y. Calculate the remainder when 37 is divided by j.
17
Let y(s) = -8*s + 13. Calculate the remainder when y(-8) is divided by 21.
14
What is the remainder when 149 is divided by ((-14)/(-28))/((-1)/(-100))?
49
Let o(q) = q + 4. Let l be ((-4)/(-3))/((-4)/(-30)). Calculate the remainder when o(l) is divided by 5.
4
Suppose 0*o + 2*o = 2*m - 2, 2*m - o - 5 = 0. What is the remainder when 5 is divided by m?
1
Suppose -4*p + 5 = -19. Let o be 102/(1*9/6). Suppose -x + o = 3*x. Calculate the remainder when x is divided by p.
5
Let n(a) = -a + 1. Let z be n(1). Suppose -2*t = -z*t - 22. What is the remainder when 31 is divided by t?
9
Calculate the remainder when 79 is divided by (-130)/(-8) - (-3 - 65/(-20)).
15
Let i(r) = -r**2 - 11*r + 6. Calculate the remainder when 42 is divided by i(-10).
10
Let f(h) = 3*h**2 - 8*h + 2. Let o be f(3). Suppose -3*u - o = -4*u. What is the remainder when 18 is divided by u?
3
Suppose 0*k + k + 2*l = -2, l - 20 = -4*k. Let n(y) = y - 2. What is the remainder when k is divided by n(6)?
2
Suppose 3*g - 64 = -g. Calculate the remainder when 45 is divided by g.
13
Suppose -5*q + 55 = -0*q. Calculate the remainder when 41 is divided by q.
8
Let a = -3 + 2. Let l(j) = -2*j - 11. What is the remainder when (a/(-2))/((-2)/(-56)) is divided by l(-8)?
4
Suppose -7*a - 14 = -8*a. What is the remainder when 83 is divided by a?
13
Suppose -7 = -2*v + 21. Calculate the remainder when (-4)/10 + (-1 - (-137)/5) is divided by v.
12
Suppose -2*u - 2*u = 3*i + 61, 2*i - u + 26 = 0. What is the remainder when 47 is divided by -1 + (3 - 1 - i)?
15
Let r(o) = -o + 2. Let c be r(2). Suppose 5*h = 0, -4*l + c*h = -3*h - 16. What is the remainder when l is divided by 3?
1
Let m(t) = t**3 - 3*t**2 + 3. Let q = -7 + 14. Calculate the remainder when q is divided by m(3).
1
Let x = 3 - -2. Let y(f) = -f**3 + 6*f**2 - 2*f - 1. Let s be y(x). Calculate the remainder when 22 is divided by (12/14)/(1/s).
10
Let y = 152 - 108. Sup